t of h?
6
What is the ten thousands digit of -14 - 1201628/(-51) - 8/6?
2
Let f(h) = 113*h**2 - 15*h - 63. Let m be f(-6). Suppose 6*k - 11*k = 3*o - 6833, 0 = 3*k + 3*o - m. What is the hundreds digit of k?
3
Suppose 26*y = 119450 - 16802. What is the units digit of (7/(-14))/((-2)/y*3)?
9
Let c = 98 + -1633. Let u = c - -2171. What is the tens digit of u?
3
Suppose -20*g + 172 = 32. Suppose a - 958 = 5*h, 0 = g*a - 5*a + 4*h - 1860. What is the hundreds digit of a?
9
Suppose -35*k - 630285 = -64*k - 197489. What is the ten thousands digit of k?
1
Let j be (54/7)/(9/(-42)). Let h = 535 + j. What is the units digit of h?
9
Let y be 5 + -933 - -5 - -6. Let o = y + 2099. What is the tens digit of o?
8
Let q(a) = -75*a - 252. Let p be q(-6). Let f be (170/4)/((-2)/4). Let w = f + p. What is the hundreds digit of w?
1
Let b(s) = 2*s**3 + 6*s**2 - 15*s - 1. Suppose 5*n - 3*n - 10 = 0. What is the units digit of b(n)?
4
Suppose 4*q = -u + 9868, -2*u = 3*q - 8*q - 19775. What is the units digit of u?
0
Suppose 4*k + 3*w + 7 = -4, k - w = 6. What is the units digit of -1077*k/(6/(-2)) + -3?
6
Let g = 4077 + 6062. What is the tens digit of g?
3
Suppose 105*x = 3347982 - 87732. What is the units digit of x?
0
Let x(d) = 18*d - 9. Let p be (-2)/(-4) - (-58)/(-4). Let l(y) = -y + 1. Let b(n) = p*l(n) - 2*x(n). What is the tens digit of b(-3)?
7
Suppose -4*t + 4*y + 64120 = 8*y, 0 = 4*y + 4. What is the hundreds digit of t?
0
Suppose -3*g + 0*g - 9 = 0. Let w = 3941 + -3931. What is the hundreds digit of g + (452/(-10))/(w/(-25))?
1
Suppose 9414856 = -32*x + 364*x. What is the ten thousands digit of x?
2
Suppose 45*f - 50*f + 15855 = 0. Suppose -d + 2*m - 1586 = -3*d, 4*d + 5*m = f. What is the units digit of d?
4
Let b be (1/2)/(3/12). Let u(n) = 9*n + 76. Let k be u(-4). Suppose -b*s + 56 + k = 0. What is the units digit of s?
8
Let j be (-26)/(-65) + 56/10. Suppose j*k - 30 = 8*k. What is the tens digit of ((-680)/k)/((-2)/(-3))?
6
Let q = 205780 + -146192. What is the units digit of q?
8
Let j(r) = 6*r**2 + 16*r + 2. Let y(p) = 18*p**2 + 47*p + 6. Let k(v) = -8*j(v) + 3*y(v). What is the units digit of k(11)?
1
Suppose 8*f + 4*t = 3*f - 3128, 4*t = -3*f - 1880. Let n be 8/6 + f/(-18). Let p = n + -27. What is the units digit of p?
9
Let y = 67 - 72. Let w(s) = s**3 + 6*s**2 + 5*s + 13. What is the tens digit of w(y)?
1
Suppose 12 + 15 = 5*w - 2*i, -2*w = -3*i - 13. Suppose -w*c - 1592 = -4272. What is the hundreds digit of c?
5
Let l(v) = -3*v - 38. Let p(s) = -6*s - 75. Suppose 2*a - 3*y = -6, 6 + 3 = -3*a - 2*y. Let b(k) = a*p(k) + 5*l(k). What is the tens digit of b(16)?
8
Suppose 103*w - 555814 = 38*w + 36*w. What is the hundreds digit of w?
1
Let x(o) = -7481*o - 1390. What is the units digit of x(-2)?
2
Let y(m) = m**3 + 18*m**2 + 23*m + 29. Let w = 38 + -55. Let z be y(w). Let j = z - -204. What is the hundreds digit of j?
1
Let q be (-38)/(-3*(-4)/6). Let o be (q - 1)*(-20)/16. Let t = -22 + o. What is the units digit of t?
3
Suppose 197*x - 196*x - 1 = 0, -5*x + 35877 = 2*r. What is the ten thousands digit of r?
1
Let p(l) = -l**2 + 39*l + 5. Let s be p(20). Suppose s + 29 = -3*a. What is the tens digit of a*7/(-14) - (-3 - 1)?
7
Let s(q) be the second derivative of 5*q**4/2 + q**3/3 + 2*q. Let c be (24/(-84))/(8/56). What is the tens digit of s(c)?
1
Let g be (-6 - (-3 - 0))/(-1 - 0). Let y(n) = 5*n + 6*n**2 + 9 + g*n**2 + 3*n**2 + 0*n**3 - n**3. What is the hundreds digit of y(11)?
1
Let z(y) be the first derivative of y**3 - 7*y**2/2 + 19*y - 234. What is the units digit of z(-16)?
9
Suppose 3*a - 25 = 5*u, 4*a + a + 2*u - 83 = 0. Suppose 0 = 7*n - a - 6. Suppose l - 150 = -n*x, 0 = 4*x + x - l - 242. What is the tens digit of x?
4
Suppose 21*j - j = 19400. Let p = j + -389. What is the hundreds digit of p?
5
Let p(t) = t + 3. Let d be p(-3). Let f(z) = 2*z**2 + z**2 - 5*z + d*z**2 - 2 + 7*z. What is the tens digit of f(-6)?
9
Let p = 69 - 63. Let c be p*((-3)/(-9))/((-3)/6). What is the units digit of (c/6)/((-2)/171)?
7
Let x = 54 + -78. What is the tens digit of (-954)/(-30) + 3*x/90?
3
Suppose -25*h = -65*h + 1040680. What is the thousands digit of h?
6
Let s(b) = -b**3 - 26*b**2 + 5. Let h be s(-26). What is the units digit of (2/h)/(-5*3/(-3525))?
4
Suppose 275165*s - 849537 = 275146*s - 72988. What is the tens digit of s?
7
Let v = 168 - 124. Suppose 3*t - v = 1003. What is the tens digit of t?
4
Let z(t) = t**2 - 14*t + 22. Let d be z(11). What is the hundreds digit of 2/(2/197) - (11 + d)?
1
Let h(t) = 16*t**3 - 13*t**2 + 93*t - 12. What is the units digit of h(7)?
0
What is the thousands digit of 72/(-684) - 72/38 - -3870?
3
Let n(w) = w**3 + 69*w**2 + 100*w + 802. What is the thousands digit of n(-63)?
8
Suppose -24*x - 26*x + 1422232 = 59*x. What is the thousands digit of x?
3
Suppose 98*g - 87*g - 759 = 0. Suppose 630 = -68*z + g*z. What is the units digit of z?
0
Suppose -54*a + 56*a - 12 = 0. Suppose a*i - 4087 = 5729. What is the units digit of i?
6
Suppose 51840 + 28908 = -569*b + 571*b. What is the hundreds digit of b?
3
What is the units digit of 6/63*27*11156 - (-138)/(-161)?
6
Let w be -4 + 88/14 - 2/7. Let v(b) = -7*b**2 + 2*b**w - 9 + 2 + b**3 - 11*b + 0*b**2. What is the tens digit of v(7)?
1
Let c be (3 + -199)*1/(-4). Suppose c*v = 45*v. What is the units digit of (0 + v + -2)/((-8)/660)?
5
Let p be -641 + -6*24/(-18). Let l = 770 + p. What is the hundreds digit of l?
1
Suppose -11*i = 2*i - 65. What is the tens digit of i + 11/((-22)/(-296))?
5
Suppose 7*l + 12 + 2 = 0. Let j be l/(0 + (-2)/(-28)). Let a = 34 - j. What is the tens digit of a?
6
Let b = -6 + 9. Suppose -4*u = -b*r + 318, -4*r = 4*u + 55 + 277. Let p = 123 + u. What is the tens digit of p?
4
Let c be (30/(-8))/(24849/4136 - 6). Let n = c + 490. What is the tens digit of n?
2
Suppose -y + 2246 - 182 = 0. Suppose 7*l = -y - 778. Let m = l - -634. What is the units digit of m?
8
Suppose -62*d - 56*d + 618084 = 0. What is the units digit of d?
8
Let r = 459 + -285. Suppose -5*s + 381 = -r. What is the tens digit of s?
1
Suppose 0 = -2*o + 6. Let z(b) = 4*b**2 - 4*b - 5. Let m be z(o). Let g(w) = w**2 - 17*w - 21. What is the tens digit of g(m)?
1
Suppose 7*l - 28 = -0*l. Suppose -l*f + 5 = 17. What is the units digit of (f/(-9))/((-2)/(-402))?
7
Let i(g) = 3371*g**2 + 4*g + 6. What is the thousands digit of i(1)?
3
Suppose q + 185 - 205 = 0. What is the units digit of (-160 + q)*28/(-10)?
2
Suppose 10*s - 26*v - 13335 = -23*v, -5*s + 4*v = -6680. What is the thousands digit of s?
1
Suppose -4*s + 7*s - 162 = 0. Let b be 3*(11/9 - 12/s). Let c(x) = 11*x**2 - x - 6. What is the units digit of c(b)?
0
Let n(r) = r**2 - 12*r + 25. Let u(a) = 3*a - 38. Let w be u(16). Let p be n(w). Suppose 2*f + 54 = p*f - 3*i, 2*i = -3*f + 64. What is the units digit of f?
0
Let s = -95 - -99. Suppose l - 1717 = -2*q, 4*l + 4325 = -s*q + 9*q. Suppose -5*p + q + 134 = 0. What is the units digit of p?
9
Let c(w) be the first derivative of 248*w**3/3 + w**2 - 3*w - 99. Suppose 5*i = a, 0 = i + i - 5*a + 23. What is the units digit of c(i)?
7
Suppose 0 = f - 3 - 17. Suppose -3*l - 5*p + 20 = 0, 11 = 3*l + 4*p - 8. Suppose -l*t = -f - 0. What is the units digit of t?
4
Let r = 954 + 1542. What is the hundreds digit of r?
4
Let p be ((-16)/(-6) + -3)/(5/(-90)). Let i be (-8)/p*(-243)/18. Suppose 0 = -4*d + 12, -3*d + 75 + i = 2*l. What is the tens digit of l?
4
Suppose -30*y - 12*y = -3*y - 218751. What is the units digit of y?
9
Let r(g) = 8*g - 2. Let l be r(-1). Let p(s) = s**3 + 9*s**2 - 12*s - 15. Let u be p(l). Suppose -3*c = -u - 226. What is the tens digit of c?
7
Let l be ((-70)/(-21))/((-6)/27). Let v = 866 + l. What is the tens digit of v?
5
Suppose -3*g + 55695 = 4*s, 3*g + 3*s = -17717 + 73406. What is the hundreds digit of g?
5
Suppose 18099 + 31533 = 32*d. Suppose 2*f + 145 = d. What is the tens digit of f?
0
Let n(i) = -i + 3. Let y be n(-1). Let c be 0 + (1 - (-9)/(-3)). What is the units digit of 1326/12 + c/y?
0
Let q be ((-3)/(-6)*0)/(-1). Suppose q = -3*y - 2*b + 277, -368 = -4*y - b - 2*b. Let p = 76 + y. What is the tens digit of p?
7
Let h be 13 - -39 - (0 - -3). Let w be 28/h*(-14)/(-4). Suppose -3*j + 3*s + w*s + 88 = 0, 4*s = 4. What is the tens d